What is v(n)?
6
Let s = 754 - 741. Let r(m) = -3*m - 30. Let y(q) = -2*q - 15. Let a(o) = -4*r(o) + 7*y(o). What is a(s)?
-11
Let v = 128 - 137. Let o be (v + 5 - -5) + -7. Let l(i) = -i**3 - 7*i**2 - 7*i + 1. What is l(o)?
7
Let x(z) = -z - 1. Let i be x(-9). Let p(u) be the second derivative of u**3/3 - 3*u**2 - 1126*u. Determine p(i).
10
Let d(w) = -w**3 - 5*w**2 - 6*w - 20. Let z be d(-6). Suppose 90 - z = 38*y. Let a(l) = 4*l**3 - 2*l**2 + 4*l - 3. What is a(y)?
3
Let v(t) = -t**3 - 2*t**2 + 2*t - 3. Let s(a) = a**3 - 1 - a**2 + 0 + 5 - 2*a + 3*a**2. Suppose 187 = 3*u + 202. Let c(d) = u*v(d) - 4*s(d). What is c(-3)?
-4
Let i(f) = -f**3 + 63*f**2 - 63*f + 67. Let b be i(62). Let q(h) = -5*h + 4 + h**2 - 5 + 8. Calculate q(b).
7
Let h(p) = -p**3 + 3*p**2 + 10*p - 6. Let k = 5 - 0. Let j be h(k). Let r(z) = -9*z. Let m(c) = 5*c. Let v(l) = 11*m(l) + 6*r(l). Give v(j).
-6
Let s(i) = -2*i - 4. Let m = -274 + 284. Suppose 0 = u + m - 4. Give s(u).
8
Suppose 0 = -4*r + 23 + 17. Let l be 15/(-2)*(-12)/r. Let s(a) = -a + 6. Let k be s(l). Let g(j) = j**3 + j**2 - 5*j - 3. What is g(k)?
-6
Let r(m) = 2*m - 5. Suppose -4*p - 8 = -3*s, 3*p - 15 = -3*s - 0*s. Suppose s*t - 25 = 3*c - 8, -t = 3*c + 7. Let n be (c + -7)*2/5. What is r(n)?
-13
Let m(i) = 12 + 0 + 11 + i. Let f(z) = -5*z + 20*z - 4*z - 176. Let k be f(16). What is m(k)?
23
Let v = 73 + -71. Let x(i) = -18 + 0*i**2 + 6*i**3 - 5*i**3 + i**v + 0*i**2 + i. Let y be (-4 + 4)*(-1)/(-2). Give x(y).
-18
Let z(o) be the second derivative of 4*o**2 + 1 - 37*o + 1/6*o**3. Calculate z(-5).
3
Let g(o) = o**3 + 3*o**2 - 6*o - 4. Let c be (-24)/(-20)*10/6. Let s be 1*(c*64)/4. Let z = -36 + s. Determine g(z).
4
Let b(k) = 2*k**3 + 8*k**2 - 4*k + 3. Let i be b(0). Let z(h) = h**3 + h**2 - 2*h - 16. What is z(i)?
14
Let v(h) = -h**3 + 8*h**2 + 9*h - 5. Let o(k) = k**2 + 13*k + 49. Let y be o(-18). Suppose -2*t - y = -157. Give v(t).
-5
Let t(n) be the third derivative of -n**5/30 - 3*n**4/4 + 3*n**3/2 - 466*n**2. Give t(-10).
-11
Let v(c) = -3 + 1 + 1. Let q be (1/(-2))/((66/12)/11). Let d(n) = n**3 + 5*n**2 + 6*n + 6. Let o(z) = q*v(z) + d(z). What is o(-5)?
-23
Let f(b) = 2*b**3 - 3*b**2 + b - 15. Let r be f(-4). Let y be (-1)/(r/40 + 5). Let l be y/28 - ((-456)/(-28))/6. Let x(p) = -p**2 - 2*p + 4. Determine x(l).
1
Let k(z) = 3*z**3 - 5*z**2 + 4*z + 7. Let t(u) = 14*u**3 - 21*u**2 + 16*u + 27. Let n(a) = 9*k(a) - 2*t(a). Calculate n(-4).
9
Let s be ((-33)/6 + 1)*24/(-9). Suppose -2*i = -s*i + 80. Suppose -11 = b - i. Let d(h) = -h**3 - h**2 + 4*h - 1. Give d(b).
5
Let w(q) = -q**3 - 10*q**2 + q + 502 + 497 - 994 - 17*q. Give w(-7).
-30
Let v(p) = p**2 + 9*p. Suppose -88*r + 1280 = -216*r. What is v(r)?
10
Let h(a) = 3*a. Let i = 202 + -202. Suppose -4*b + 2*n = -2, i = -b - 3*b - 4*n - 28. Determine h(b).
-6
Let n(m) = 23*m + 3. Let k = 9437 + -9440. Give n(k).
-66
Let k = -267814 - -267814. Let u(z) = 3*z**2 + 4*z + 29. Let a(y) = 2*y**2 + 3*y + 19. Let q(f) = -7*a(f) + 5*u(f). Calculate q(k).
12
Let n(d) = d**2 + 8*d + 3. Let g(k) = 17*k - 3. Let z(s) = 10*s - 2. Let q(r) = 4*g(r) - 7*z(r). Let h be q(5). Calculate n(h).
3
Suppose -9*g = -21*g - 108. Let y(x) = x**2 + 8*x - 6. Let l be y(g). Let h(a) = -a - 3 + 1 - 4 + 0 - a**l. Determine h(0).
-6
Let p(v) be the first derivative of v**4/4 - 6*v**3 - 9*v**2 - 5*v - 1664. Calculate p(19).
14
Suppose -5*x + 5*g - 12*g - 56 = 0, 0 = g + 3. Let o be 1560/(-2730) - ((-73)/x + -1). Let f(l) = -1 + l**2 - 1 + 10*l - 3. Give f(o).
-5
Let k(f) = 5*f + 150. Let h(y) = 10*y + 250. Let i(o) = -3*h(o) + 5*k(o). Determine i(1).
-5
Let d(w) be the first derivative of 5*w**3/3 + w**2/2 - 2. Suppose 3*y + 2*x - 15 = 0, 5*y + 3*x + x = 29. Determine d(y).
6
Let d = 76 - 74. Let s be 96/12 - d*2. Let a(x) = -2*x**2 - s*x**2 - 4 - 7*x + 76*x**3 - 77*x**3. Calculate a(-4).
-8
Suppose 4*g = 30*r - 26*r - 8, -2*r = -g - 5. Let n(y) = -10*y + 29. Determine n(r).
-1
Let v(i) = -i**2 - 4*i + 189. Let f be v(11). Let n(s) = -s**2 + 26*s - 37. Give n(f).
11
Let d(j) be the first derivative of 2*j**3 - j**2/2 - 211. Suppose -k = -f - 2, -4*f = 5*k - k. Calculate d(k).
5
Suppose -4*d - 3*v = -14, 2*v = d - 2*d + 6. Let f(y) = 9*y**d + 0*y - y + 8 - 7. Suppose -2*i - 24 = -4*a + 2*i, -28 = -3*a + 5*i. What is f(a)?
9
Let b(o) = o**3 - 6*o**2 - 3*o - 6. Suppose 5*z + 4*l = -75 + 245, 124 = 3*z - 2*l. Let w be 4/38 + 224/z. Give b(w).
-24
Let o(i) = 10*i - 40. Let a(b) = b**3 + 13*b**2 - b - 10. Let l be a(-13). Calculate o(l).
-10
Let a(p) = p + 4. Let i be (-915)/122 - (-2 - 9/(-6)). Determine a(i).
-3
Let n(w) = -w**2 + 62*w - 677. Let m be n(14). Let g(h) = 16*h + 79. Give g(m).
-1
Let z = -133 - -193. Let o(f) = -9 - 118*f + 55*f + z*f. What is o(-5)?
6
Suppose 0 = 5*l - 7*l + 4. Let i(d) = 15 - 27 - 2*d - d + 11. Let f(h) = -4*h - 1. Let a(p) = 2*f(p) - 3*i(p). Determine a(l).
3
Let l = -84 + 96. Let c(u) = l - 12 + 2*u - 4. Give c(-7).
-18
Suppose 58*o + 2258 - 445 = -333. Let b(p) = -p**2 - 40*p - 100. What is b(o)?
11
Let k(o) be the second derivative of -42*o + 4*o**2 + 0 + 1/3*o**3. What is k(-9)?
-10
Let q(t) = -4*t - 4*t + 26*t + 2*t**3 + 19*t**2 + 10 - t - 5*t. Determine q(-9).
-17
Let m(t) = -t**3 - 3*t**2 - 3*t - 1. Let s(y) = -2*y + 66. Let u be (1 + 0)*(-560)/(-20). Let v be s(u). Suppose 12 = -d + v. Calculate m(d).
1
Let m = 2776 - 1389. Let h(x) = -695 - 690 + m + x - x**2. What is h(-3)?
-10
Let p(y) = 4385*y + 37 - 2469*y - 1917*y. Give p(41).
-4
Let r(m) = 96*m - 35*m - 38*m - 5 + m**3 - 22*m - 2*m**2. Give r(4).
31
Let g(p) = 28*p + 3. Let n(b) = 19*b + 2. Let h(d) = 5*g(d) - 8*n(d). Suppose -7*j - 63 = -70. Give h(j).
-13
Let p be 30/(-12) - (-870)/(-232)*2/(-3). Let k(l) = -l + 7. Give k(p).
7
Let r = -68 + 317. Let p = -243 + r. Let k(b) = -2*b + 8. Let v(s) = s - 4. Let h(y) = 3*k(y) + 5*v(y). Give h(p).
-2
Let s(i) = -35*i - 2. Let f be 20/(-12) + 18/27. Give s(f).
33
Let r(q) = 2*q**2 + 2*q - 10. Let v(p) = 46*p - 365. Let b be v(8). Give r(b).
14
Let t(f) be the first derivative of f**4/4 + 4*f**3 + 5*f**2 - 11*f + 2. Suppose 264 = 15*d - 39*d. Calculate t(d).
0
Suppose 18 = -6*o + 3*b - 9, -4*o - b + 3 = 0. Let w(r) = 37*r + 11. Determine w(o).
-26
Suppose -3 = p + 2. Let b(m) = 4*m + 1. Let o(j) = -3*j + 1. Let z(s) = -b(s) - o(s). Give z(p).
3
Let t(f) = f**2 - 7*f + 9. Let i be (7 - (-4168)/32)*4. Let k = -545 + i. Determine t(k).
-3
Let q(y) be the third derivative of -y**4/24 + 5*y**3/6 - 28*y**2. Suppose -4*s = -7*s + 30. Suppose 4*a - h + 2 + 0 = 0, -a = -5*h + s. Calculate q(a).
5
Let r(h) = h**2 - h - 4. Let s(o) = 4*o - 8. Let v be s(5). Suppose -22*g + 23*g - v = 0. Suppose 0*k - 4*k = g. Calculate r(k).
8
Let g(v) = 5*v - 4. Let c(j) = 8*j - 5. Let s(y) = 3*c(y) - 4*g(y). Let b(q) = -20*q - 4. Let k(l) = 3*b(l) + 16*s(l). What is k(-2)?
-4
Suppose 0 = -5*s + 5*d + 45, -258*d + 6 = -4*s - 260*d. Let g(t) = -9*t**2 + 1. What is g(s)?
-35
Let t(y) = -27*y**2 + 34*y - 10. Let s be t(1). Let p(q) = -9*q**2 + 7*q + 8. Give p(s).
-94
Let z(g) = g**3 + 0*g**3 - g**2 - 2*g**3 - 7. Let m be 1449/(-54) + 3/(-18). Let f = 27 + m. Calculate z(f).
-7
Let g be (4/(-12))/((-2)/102). Let h = g + -14. Suppose -2*b - v = 6 + 4, h*v + 18 = -2*b. Let c(k) = -k - 7. What is c(b)?
-4
Let x(p) = 2*p + 7. Let c(t) = -t - 6. Let v(d) = -5*c(d) - 4*x(d). Let g(o) = 3*o + 41. Let q = -16 - -3. Let y be g(q). Determine v(y).
-4
Let n(t) = 17 - 66*t - 15*t - 10 + 78*t + 26. What is n(10)?
3
Suppose 5*f - 3*o - 8 = -1, -o - 1 = -f. Let w(j) = -14*j**2 - 2 - 4*j - 19*j**2 + 46*j**2 - 12*j**f. Give w(4).
-2
Suppose 7*b - 11*b - 367 = -5*h, -2*b - 6 = 0. Let k(u) = h*u - 64*u + 11 + 4*u**2 + 2*u**2 - 5*u**2. Give k(-5).
1
Let r(m) = -24*m + 82. Suppose g + 49*w = 51*w + 21, 0 = 2*g + 5*w + 39. Determine r(g).
10
Let r(t) = 4 + t**3 + 5*t**2 + t - 2*t + 6*t. Suppose 3*j + 4*b = -21, -4*j - b - 39 = -24. Calculate r(j).
7
Let a(k) = 70*k - 18*k**3 + 6*k**2 - 27*k + 19*k**3 - 48*k. Give a(-7).
-14
Let p = -59 + 62. Let l(b) = -b**p - 17 + 17 - 27*b**2 + 5*b + 24*b**2. Calculate l(-5).
25
Let b(u) = -u**2 + 6*u + 270. Let m be b(20). Let v(q) = q**3 + 12*q**2 + 20*q - 4. Determine v(m).
-4
Let x be (-29)/(-4) - (-2)/(-8). Let j(q) be the second derivative of 1 + 35*q +